test common factor of c and 9.
1
Suppose -20571 - 10370 = -13*f + 5875. Calculate the greatest common divisor of f and 16.
16
Let g(w) = 4*w**3 + 4*w**2 + 27*w - 93. Let v be g(5). Let j = v - 613. What is the highest common divisor of 1537 and j?
29
Let o = 193 - 193. Suppose v - 407 + 405 = o. Calculate the greatest common divisor of 122 and v.
2
Suppose 13*r + 750 = -758. Let t = -26 - r. Let b(q) = -2*q**3 - 3*q**2 - 4*q - 2. Let w be b(-2). Calculate the greatest common divisor of t and w.
10
Suppose 0 = -4*v + 4. Suppose -2*h + 3*u = 9, -3*u - v = 5*h + 32. Let j be (141/h)/((-2)/4). Calculate the highest common factor of j and 47.
47
Suppose -3*g = -3*j - 14514 - 3573, -2*g + 5*j = -12085. Calculate the highest common divisor of g and 8.
4
Suppose 0 = -i - 1, 4*i = 4*x - 80 - 32. Suppose -2*w = 22*q - 26*q + 330, -309 = -4*q - 5*w. Calculate the highest common factor of x and q.
27
Suppose 48962 = 322*c + 12242 - 391540. Calculate the greatest common factor of c and 4370.
190
Suppose -454*y + 52822 - 4674 = 478. Calculate the highest common divisor of 14735 and y.
35
Let f = 3739 - 3501. What is the highest common divisor of 35 and f?
7
Let w be (346/7)/(((-1120)/196)/(-20)). Calculate the greatest common divisor of w and 12283.
173
Suppose -94*t - 59*t = -40*t - 3149762. What is the greatest common factor of t and 154?
154
Let b = 20454 - 19608. Calculate the highest common divisor of b and 1222.
94
Suppose -82*g + 2626 = 16*g + 3*g. What is the highest common factor of 104 and g?
26
Let g be (-1)/(-9)*-2 + ((-25674)/54)/(-11). What is the highest common divisor of g and 2107?
43
Let r be (-3)/(-1)*(-1 + 32). Let y = -422 - -428. Suppose 4*t + y = b - 5, -5*t + 25 = 0. Calculate the greatest common factor of b and r.
31
Let m be -11 + (-221)/(13 - 26). Suppose 45 + 221 = 2*u. Let r = u - 91. What is the highest common factor of r and m?
6
Let c = -2184 + 8366. Calculate the highest common divisor of 22 and c.
22
Let r(u) = -u**2 + 8*u + 3. Suppose t - 2 = 3. Let n be r(t). Let q = -5488 + 5497. What is the greatest common divisor of n and q?
9
Let y = 3566 + -3446. What is the greatest common factor of 184 and y?
8
Let i = 835 - 1423. Let f = i + 633. Calculate the greatest common factor of 120 and f.
15
Suppose -5*i + 95 + 305 = 5*y, 5*i - 3*y = 408. Let d be (-8)/(-3) - (-8)/24. Calculate the highest common factor of d and i.
3
Suppose -32 - 3 = 7*i. Let p be (2/(-1 - 1))/(i/45). Let x be (-4)/12 + 57/p. Calculate the highest common divisor of 30 and x.
6
Suppose 2*x + 130 = 4*x. Suppose -62*g - 135 = -x*g. Let q be (g/(-10))/(-3) - 234/(-4). Calculate the highest common factor of 40 and q.
20
Let l = -2951 - -2975. Calculate the highest common divisor of 486 and l.
6
Let m = 16 + 12. Let q(v) = -v**3 - 8*v**2 - 2*v - 12. Let n be q(-8). Let c be 2/n - 2*(-7)/m. What is the highest common divisor of 4 and c?
1
Let j be 6/(-36)*15*-82. Suppose -13*x + 81 = -j. Calculate the highest common factor of 198 and x.
22
Let c be (-21)/(15 - 8595/570). Calculate the highest common divisor of c and 763.
7
Let s(p) = 107*p - 1526. Let t be s(23). Calculate the greatest common factor of 220 and t.
55
Let z = -618 + 768. Let v = 240 + -150. Calculate the greatest common divisor of v and z.
30
Let r be 29/3 - (32/12)/4. Let q = 199 + -150. Suppose 2*t - 6*j - q = -j, 4*t - j - 107 = 0. What is the greatest common factor of r and t?
9
Suppose 0 = 13*q + 5*q + 108. Let h be ((-28)/3)/(-1*(-2)/q). What is the highest common factor of h and 266?
14
Let q = 229 + -208. Suppose -2775 = -q*o + 312. What is the greatest common divisor of 63 and o?
21
Suppose 1296*n - 1410 + 4296 = 1309*n. What is the greatest common divisor of 9879 and n?
111
Let s = 2428 + -2419. What is the greatest common factor of 147 and s?
3
Let l(x) = 161*x**2 + 3*x - 2. Let b be l(1). Calculate the highest common factor of b and 42.
6
Let d = 809 - 530. Let a = 3596 - 3578. What is the greatest common factor of a and d?
9
Let f be (-18)/((8/82)/(-2)). Suppose 1557*q = 1580*q - 943. Calculate the highest common divisor of f and q.
41
Let p be (-3)/(2 - 9/4). Suppose 0 = -5*d - 15, 106 - 517 = b + 3*d. Let t = b - -420. What is the greatest common divisor of p and t?
6
Suppose -110 = 2*h - 90. Let x(o) = o**3 + 14*o**2 + 11*o + 6. Let w be x(h). What is the highest common divisor of w and 16?
8
Suppose 5*c - 5 = 0, -c = -2*u + u + 3. Suppose -j + 2*i = -3, -u = -i - 1. Let l be -2 - (664/2)/(-4). What is the greatest common divisor of l and j?
9
Suppose -10208 = -36*b + 3*b - 25*b. What is the highest common factor of 2656 and b?
16
Suppose 2*r = -2*p + 176, 134*p - 133*p - 86 = -2*r. Calculate the greatest common factor of p and 1035.
45
Let k(h) = h + 3 - 7*h**2 + 8*h**2 + 7*h**2. Let f be k(-2). What is the highest common divisor of f and 176?
11
Let f = 579 + -575. Suppose 3*b - 237 = -x - 4*x, -f*b = -x + 52. Suppose -3*a - 2*w + 50 = 0, w - 61 = -5*a + 20. What is the highest common factor of x and a?
16
Let m(k) = -k**3 + 56*k**2 + 50*k + 432. Let v be m(57). What is the highest common divisor of v and 204?
3
Let z(c) = -88*c + 5624. Let f be z(-57). What is the highest common factor of f and 80?
80
Suppose 4*z = 20*z - 1344. Let b be ((-1)/(-2))/(7/z). Let k = 4 - 2. What is the highest common factor of k and b?
2
Let t = -109 - -114. Suppose t*l + 3*f = 234, l - 4*f - 7 = 49. What is the highest common factor of l and 264?
24
Let q = 138 + -136. Suppose v - 27 = -q*n, 4*v - 68 = -5*n + v. Calculate the highest common divisor of n and 65.
13
Suppose 15 = -s + 20. Suppose 2*u - 4*f = 1 + 17, 5*f - 15 = -s*u. Let k be 2*u/(-10) + 15. What is the greatest common factor of k and 126?
14
Let m(n) = 33*n**2 - 2*n - 1. Let o be m(-1). Suppose h - 18 = -3*g - 1, -2*h + o = g. What is the highest common divisor of 1 and h?
1
Let d be -22 + 38 + (-40 + 42)*10/4. Let q = 49 + 154. Calculate the greatest common divisor of d and q.
7
Suppose 83*i - 6913 = -58*i + 54*i - 136*i. Let m(t) = -712*t**3 + 1. Let o be m(-1). What is the greatest common factor of i and o?
31
Let b = -923 - -1428. What is the greatest common divisor of 303 and b?
101
Let n be (-2)/(((-28)/(-49))/(-2)). Suppose n*o + 8*o = 990. Calculate the highest common divisor of o and 18.
6
Suppose 0 = -a + 5*g - 20, a - 4*g + 16 = -2*a. Suppose a = 2*x + 2*x + 5*j - 39, 5 = -j. What is the highest common divisor of x and 1024?
16
Let y = 75 + 24. Suppose 2*x - 70 = 4*j, -5*x + 3*j + 81 + 129 = 0. What is the greatest common factor of y and x?
9
Let l(m) = m**3 - 5*m**2 - 2. Let t be l(6). Let p(n) = 511*n**2 + 572*n - 573. Let x be p(1). Calculate the highest common divisor of x and t.
34
Suppose 58132 + 15891 = 149*h + 8314. Let g(a) = a**3 - 4*a**2 - 2*a + 3. Let x be g(6). Calculate the highest common factor of h and x.
63
Suppose 2*j - 48 = -5*d, 4*d - 6 = j + 22. Calculate the greatest common factor of 162 and d.
2
Let z(y) = -99*y + 3265. Let l be z(31). Calculate the highest common divisor of l and 224.
28
Let a = -73 - -165. Suppose 4*m - a = -4*d, -5*m + 8 + 105 = 4*d. Let j = -230 + 377. Calculate the greatest common factor of m and j.
21
Let o = 5508 - 5436. Calculate the highest common factor of 657 and o.
9
Let z(c) = 100*c + 7164. Let y be z(0). Calculate the highest common factor of y and 36.
36
Let v be (0 - 4)/(1/(-337)*2). Suppose 3*n + 3*z - v = -2*z, 2*z - 662 = -3*n. Let y = n - 98. Calculate the highest common divisor of 15 and y.
15
Suppose 156 = 2*c + 3*z - 234, 2*z = -5*c + 953. Calculate the highest common divisor of 783 and c.
27
Let x = 29927 + -16672. Calculate the greatest common factor of x and 22.
11
Let c = 33 + -34. Let f be ((7 - 2)/20)/(c/(-20)). Suppose 3*z - 394 = -5*b + 384, -f*z - 4*b = -1314. Calculate the greatest common factor of z and 38.
38
Let d be (2/((78/(-888))/13))/1. Let u = d - -308. Calculate the greatest common factor of 51 and u.
3
Let h = 13904 + -9827. Calculate the greatest common divisor of h and 27.
27
Let d(p) = p**3 - 34*p**2 - 72*p. Let x be d(36). Suppose x = 4*c + y - 3*y - 12, 4*y = 2*c. What is the highest common factor of 268 and c?
4
Let v = 524 - 484. Let m be 0 - -2 - (3 - 5). Suppose m*a = 61 + 3. What is the highest common factor of a and v?
8
Let b